{"id":1261,"date":"2025-04-16T15:28:31","date_gmt":"2025-04-16T13:28:31","guid":{"rendered":"https:\/\/www.floramerindol.fr\/?page_id=1261"},"modified":"2025-04-16T15:31:32","modified_gmt":"2025-04-16T13:31:32","slug":"mentions-legales","status":"publish","type":"page","link":"https:\/\/www.floramerindol.fr\/?page_id=1261","title":{"rendered":"MENTIONS L\u00c9GALES"},"content":{"rendered":"\t\t<div data-elementor-type=\"wp-page\" data-elementor-id=\"1261\" class=\"elementor elementor-1261\" data-elementor-settings=\"{&quot;ha_cmc_init_switcher&quot;:&quot;no&quot;}\">\n\t\t\t\t<div class=\"elementor-element elementor-element-cf9d5e2 e-flex e-con-boxed e-con e-parent\" data-id=\"cf9d5e2\" data-element_type=\"container\" data-e-type=\"container\" data-settings=\"{&quot;_ob_use_container_extras&quot;:&quot;no&quot;,&quot;_ob_column_hoveranimator&quot;:&quot;no&quot;,&quot;_ha_eqh_enable&quot;:false,&quot;_ob_glider_is_slider&quot;:&quot;no&quot;,&quot;_ob_column_has_pseudo&quot;:&quot;no&quot;}\">\n\t\t\t\t\t<div class=\"e-con-inner\">\n\t\t\t\t<div class=\"elementor-element elementor-element-3d30847 ob-harakiri-inherit ob-has-background-overlay elementor-widget elementor-widget-text-editor\" data-id=\"3d30847\" data-element_type=\"widget\" data-e-type=\"widget\" data-settings=\"{&quot;_ob_use_harakiri&quot;:&quot;yes&quot;,&quot;_ob_harakiri_writing_mode&quot;:&quot;inherit&quot;,&quot;_ob_postman_use&quot;:&quot;no&quot;,&quot;_ob_perspektive_use&quot;:&quot;no&quot;,&quot;_ob_poopart_use&quot;:&quot;yes&quot;,&quot;_ob_shadough_use&quot;:&quot;no&quot;,&quot;_ob_allow_hoveranimator&quot;:&quot;no&quot;,&quot;_ob_widget_stalker_use&quot;:&quot;no&quot;}\" data-widget_type=\"text-editor.default\">\n\t\t\t\t<div class=\"elementor-widget-container\">\n\t\t\t\t\t\t\t\t\t<p><b>MENTIONS L\u00c9GALES :\u00a0<\/b><\/p><p><span style=\"font-weight: 400;\">Flora M\u00e9rindol, propri\u00e9taire de ce site, est entrepreneure en contrat CAPE au sein de la SCOP 3 BIS SA, Soci\u00e9t\u00e9 Anonyme \u00e0 capital variable, immatricul\u00e9e au RCS de Grenoble.<\/span><\/p><p><b>N\u00b0SIRET<\/b><span style=\"font-weight: 400;\"> : 424 047 827 00045<\/span><\/p><p><b>N\u00b0TVA<\/b><span style=\"font-weight: 400;\"> : FR36424047827<\/span><\/p><p><b>Adresse<\/b><span style=\"font-weight: 400;\"> : 3BIS SCOP SA &#8211; 88 rue Anatole France, 38100 Grenoble<\/span><\/p><p><b>Publication<\/b><span style=\"font-weight: 400;\"> :<\/span><\/p><p><span style=\"font-weight: 400;\">La Directrice de la publication Flora M\u00e9rindol<\/span><\/p><p><span style=\"font-weight: 400;\">Contact : <\/span><span style=\"font-weight: 400;\">flora@merindol.org<\/span><span style=\"font-weight: 400;\">, 07 50 45 78 56\u00a0<\/span><\/p><p><b>Propri\u00e9t\u00e9 intellectuelle et contrefa\u00e7ons:\u00a0<\/b><\/p><p><span style=\"font-weight: 400;\">Le propri\u00e9taire du site est propri\u00e9taire des droits de propri\u00e9t\u00e9 intellectuelle de tous les \u00e9l\u00e9ments accessibles sur le site, notamment les textes, images, graphismes, logos ic\u00f4nes\u2026Toutes reproduction, repr\u00e9sentation, modification, publication adaptation totale ou partielle des \u00e9l\u00e9ments du site, est interdite, sauf autorisation \u00e9crite pr\u00e9alable demand\u00e9 \u00e0 <\/span><a href=\"mailto:flora@merindol.org\"><span style=\"font-weight: 400;\">flora@merindol.org<\/span><\/a><span style=\"font-weight: 400;\">.\u00a0<\/span><\/p><p><span style=\"font-weight: 400;\">Toute exploitation non autoris\u00e9e du site ou d\u2019un de ses contenus sera consid\u00e9r\u00e9e comme constitutive d\u2019une contrefa\u00e7on et poursuivie conform\u00e9ment aux dispositions des articles L.335-2 et suivants du Code de Propri\u00e9t\u00e9 intellectuelle.\u00a0<\/span><\/p><p><span style=\"font-weight: 400;\">Cr\u00e9ations graphiques : \u00a9 Flora M\u00e9rindol<\/span><\/p><p><b>Protection des biens et des personnes &#8211; Gestion des donn\u00e9es personnelles :<\/b><span style=\"font-weight: 400;\">\u00a0<\/span><\/p><p><span style=\"font-weight: 400;\">En France, les donn\u00e9es personnelles sont notamment prot\u00e9g\u00e9es par la loi n\u00b0 78-87 du 6 janvier 1978, la loi n\u00b0 2004-801 du 6 ao\u00fbt 2004, l&rsquo;article L. 226-13 du Code p\u00e9nal et la Directive Europ\u00e9enne du 24 octobre 1995.<\/span><\/p><p><span style=\"font-weight: 400;\">A l&rsquo;occasion de l&rsquo;utilisation du site <\/span><span style=\"font-weight: 400;\">www.floramerindol.com<\/span><span style=\"font-weight: 400;\">, peuvent \u00eatre recueillies des informations personnelles relatives \u00e0 l&rsquo;utilisateur que pour le besoin de certains services propos\u00e9s par le site <\/span><span style=\"font-weight: 400;\">www.<\/span><span style=\"font-weight: 400;\">floramerindol.com.\u00a0<\/span><\/p><p><span style=\"font-weight: 400;\">L&rsquo;utilisateur fournit ces informations en toute connaissance de cause, notamment lorsqu&rsquo;il proc\u00e8de par lui-m\u00eame \u00e0 leur saisie. Il est alors pr\u00e9cis\u00e9 \u00e0 l&rsquo;utilisateur du site <\/span><span style=\"font-weight: 400;\">www.floramerindol.com<\/span><span style=\"font-weight: 400;\"> l\u2019obligation ou non de fournir ces informations.<\/span><\/p><p><span style=\"font-weight: 400;\">Conform\u00e9ment aux dispositions des articles 38 et suivants de la loi 78-17 du 6 janvier 1978 relative \u00e0 l\u2019informatique, aux fichiers et aux libert\u00e9s, tout utilisateur dispose d\u2019un droit d\u2019acc\u00e8s, de rectification et d\u2019opposition aux donn\u00e9es personnelles le concernant, en effectuant sa demande \u00e9crite et sign\u00e9e, accompagn\u00e9e d\u2019une copie du titre d\u2019identit\u00e9 avec signature du titulaire de la pi\u00e8ce, en pr\u00e9cisant l\u2019adresse \u00e0 laquelle la r\u00e9ponse doit \u00eatre envoy\u00e9e.<\/span><\/p><p><span style=\"font-weight: 400;\">Aucune information personnelle de l&rsquo;utilisateur du site <\/span>www.floramerindol.com<span style=\"font-weight: 400;\"> n&rsquo;est publi\u00e9e \u00e0 l&rsquo;insu de l&rsquo;utilisateur, \u00e9chang\u00e9e, transf\u00e9r\u00e9e, c\u00e9d\u00e9e ou vendue sur un support quelconque \u00e0 des tiers.\u00a0<\/span><\/p><p><span style=\"font-weight: 400;\">Les bases de donn\u00e9es sont prot\u00e9g\u00e9es par les dispositions de la loi du 1er juillet 1998 transposant la directive 96\/9 du 11 mars 1996 relative \u00e0 la protection juridique des bases de donn\u00e9es.<\/span><\/p><p><b>H\u00e9bergement<\/b><span style=\"font-weight: 400;\">:<\/span><span style=\"font-weight: 400;\">\u00a0<\/span><\/p><p><img decoding=\"async\" style=\"height: 50px; margin-left: 7px; color: #333333; font-family: 'Open Sans', helvetica, arial, sans-serif; font-size: medium; text-align: center; background-color: #f0eff0;\" src=\"https:\/\/kitty.o2switch.net:2083\/cPanel_magic_revision_1694436884\/unprotected\/cpanel\/images\/cpanel-logo.svg\" alt=\"logo\" \/><\/p><div><div style=\"text-align: center;\"><span style=\"color: #333333; font-family: Open Sans, helvetica, arial, sans-serif; font-size: medium;\">\u00a0<\/span><\/div><p><b>Conditions g\u00e9n\u00e9rales de vente :\u00a0<\/b><\/p><p><b>Concernant les ateliers :<\/b><\/p><p><span style=\"font-weight: 400;\">Les ateliers de dessin prennent place dans divers lieux Grenoblois (Mus\u00e9e de Grenoble, Minimistan).\u00a0<\/span><\/p><p><span style=\"font-weight: 400;\">Les ateliers durent 2h.\u00a0<\/span><\/p><p><span style=\"font-weight: 400;\">Prix des ateliers : 2 tarifs possibles : solidaires de 12\u20ac TTC et classique 24\u20ac TTC.<\/span><\/p><p><span style=\"font-weight: 400;\">Les ateliers peuvent \u00eatre amen\u00e9s \u00e0 \u00eatre annul\u00e9s en de\u00e7\u00e0 de 5 participant.e.s. Dans ce cas vous serez enti\u00e8rement rembours\u00e9 ou vous pourrez vous r\u00e9inscrire \u00e0 un atelier similaire dans la limite des places disponible.<\/span><\/p><p><span style=\"font-weight: 400;\">Il est possible d\u2019annuler son inscription \u00e0 un atelier jusqu\u2019\u00e0 48h avant l\u2019atelier en b\u00e9n\u00e9ficiant d\u2019un remboursement total. Apr\u00e8s ce d\u00e9lai, le remboursement ne sera pas automatique et se fera uniquement si la place lib\u00e9r\u00e9e retrouve preneur.\u00a0<\/span><\/p><p><b>Concernant les prestations d\u2019illustration :<\/b><\/p><p><span style=\"font-weight: 400;\">Les conditions g\u00e9n\u00e9rales de ventes vous seront transmises avec le devis. <\/span><\/p><\/div>\t\t\t\t\t\t\t\t<\/div>\n\t\t\t\t<\/div>\n\t\t\t\t\t<\/div>\n\t\t\t\t<\/div>\n\t\t\t\t<\/div>\n\t\t","protected":false},"excerpt":{"rendered":"<p>MENTIONS L\u00c9GALES :\u00a0 Flora M\u00e9rindol, propri\u00e9taire de ce site, est entrepreneure en contrat CAPE au sein de la SCOP 3 BIS SA, Soci\u00e9t\u00e9 Anonyme \u00e0 capital variable, immatricul\u00e9e au RCS de Grenoble. N\u00b0SIRET : 424 047 827 00045 N\u00b0TVA : FR36424047827 Adresse : 3BIS SCOP SA &#8211; 88 rue Anatole France, 38100 Grenoble Publication : [&hellip;]<\/p>\n","protected":false},"author":1,"featured_media":0,"parent":0,"menu_order":0,"comment_status":"closed","ping_status":"closed","template":"","meta":{"_eb_attr":"","footnotes":""},"class_list":["post-1261","page","type-page","status-publish","hentry"],"_links":{"self":[{"href":"https:\/\/www.floramerindol.fr\/index.php?rest_route=\/wp\/v2\/pages\/1261","targetHints":{"allow":["GET"]}}],"collection":[{"href":"https:\/\/www.floramerindol.fr\/index.php?rest_route=\/wp\/v2\/pages"}],"about":[{"href":"https:\/\/www.floramerindol.fr\/index.php?rest_route=\/wp\/v2\/types\/page"}],"author":[{"embeddable":true,"href":"https:\/\/www.floramerindol.fr\/index.php?rest_route=\/wp\/v2\/users\/1"}],"replies":[{"embeddable":true,"href":"https:\/\/www.floramerindol.fr\/index.php?rest_route=%2Fwp%2Fv2%2Fcomments&post=1261"}],"version-history":[{"count":7,"href":"https:\/\/www.floramerindol.fr\/index.php?rest_route=\/wp\/v2\/pages\/1261\/revisions"}],"predecessor-version":[{"id":1268,"href":"https:\/\/www.floramerindol.fr\/index.php?rest_route=\/wp\/v2\/pages\/1261\/revisions\/1268"}],"wp:attachment":[{"href":"https:\/\/www.floramerindol.fr\/index.php?rest_route=%2Fwp%2Fv2%2Fmedia&parent=1261"}],"curies":[{"name":"wp","href":"https:\/\/api.w.org\/{rel}","templated":true}]}}